= -4*k**3 - 6*k**2 - 9*k + 3. Calculate v(-2).
29
Let k(j) = -3*j**3 + 807*j**2 + 25*j - 6701. Give k(269).
24
Let w(x) = 908*x - 8153. Determine w(9).
19
Let v(p) = 4*p**2 - 48*p + 11. Determine v(13).
63
Let w(k) = -855*k - 17096. Give w(-20).
4
Let q(p) = -177*p - 1230. Calculate q(-7).
9
Let l(f) = -3*f**2 - 9*f + 20. Calculate l(-6).
-34
Let z(n) = 38*n + 254. Determine z(-5).
64
Let h(s) = -2*s**2 + 133*s - 2182. Give h(31).
19
Let d(j) = 3*j**2 - 24*j + 88. What is d(6)?
52
Let h(r) = -3*r**3 - 177*r + 47. Give h(0).
47
Let g(u) = 3*u**3 + 14*u**2 - 39*u - 130. Calculate g(-2).
-20
Let d(f) = f**3 - 14*f**2 - 78*f + 89. Give d(18).
-19
Let t(j) = -4*j**2 - 542*j - 6809. Give t(-14).
-5
Let r(u) = -u**3 + 21*u**2 + 67*u - 689. Determine r(23).
-206
Let d(q) = 4*q**3 + 67*q**2 + 271*q - 10. Calculate d(-10).
-20
Let y(l) = 95*l + 198. What is y(-3)?
-87
Let v(u) = -3*u**3 + 112*u**2 + 5*u - 1509. Give v(37).
45
Let y(p) = 5*p**3 + p**2 - 81. Calculate y(0).
-81
Let v(w) = -w**2 + 49*w - 129. Calculate v(38).
289
Let f(s) = -194*s + 725. Calculate f(5).
-245
Let m(b) = 2*b**3 - 7*b**2 - 33*b + 21. Calculate m(6).
3
Let i(u) = u**2 - 8*u - 222. Calculate i(23).
123
Let c(b) = 31*b**2 + 7447*b + 1693. Give c(-240).
13
Let k(l) = -28*l - 427. Give k(-22).
189
Let a(q) = 51*q + 2457. Determine a(-49).
-42
Let f(v) = -8*v**3 - 261*v**2 - 226*v - 2105. Calculate f(-32).
7
Let j(s) = 67*s**3 + 14*s**2 + 13*s - 1. Determine j(-1).
-67
Let k(v) = -2*v**3 - 4*v**2 - 250*v - 497. Give k(-2).
3
Let f(w) = w**2 - 15*w - 205. What is f(22)?
-51
Let d(b) = -b**2 - 135*b + 39332. What is d(142)?
-2
Let n(a) = 15*a + 142. Determine n(-10).
-8
Let t(w) = -3*w**2 + 12*w + 46. Calculate t(8).
-50
Let f(s) = -592*s**2 - 3556*s + 5. What is f(-6)?
29
Let k(m) = 5*m**2 + 695*m - 2110. Calculate k(3).
20
Let v(k) = -94*k**2 - 556*k + 26. Calculate v(-6).
-22
Let z(k) = 106*k + 116. Calculate z(-1).
10
Let s(y) = -11739*y - 11743. Calculate s(-1).
-4
Let f(b) = b**3 + 36*b**2 + 68*b - 43. Determine f(-34).
-43
Let r(l) = -3*l**3 - 9*l**2 + 53*l - 1. Calculate r(3).
-4
Let b(o) = -2*o**3 + 3*o**2 - 24*o + 20. Determine b(1).
-3
Let q(u) = -u**3 + 15*u**2 - 6*u - 10. Determine q(14).
102
Let z(v) = 2*v**3 + 444*v**2 - 447*v - 218. What is z(-223)?
5
Let m(j) = -j**3 + 59*j**2 + 197*j - 638. Determine m(62).
44
Let r(m) = m**2 + 12*m + 31. Calculate r(-7).
-4
Let u(w) = -50*w - 572. What is u(-11)?
-22
Let f(k) = 94*k + 16. Give f(-1).
-78
Let a(j) = 9*j**2 + 26*j + 131. Calculate a(-5).
226
Let w(o) = -1768*o - 14177. What is w(-8)?
-33
Let r(c) = -55*c - 2574. Give r(-47).
11
Let v(c) = 143*c + 25584. Calculate v(-179).
-13
Let l(j) = 88*j + 403. Give l(-4).
51
Let l(j) = -j**3 + 29*j**2 - 35*j + 158. Determine l(28).
-38
Let o(f) = 2*f**3 - 4*f**2 - 290*f + 16. Give o(13).
-36
Let u(c) = -2*c**3 + 192*c**2 - 189*c - 99. What is u(95)?
-4
Let h(r) = -15176*r + 4. What is h(0)?
4
Let c(k) = 81*k - 154. Give c(4).
170
Let v(j) = -j**2 + 3962*j + 35745. Give v(-9).
6
Let z(a) = a**3 + 11*a**2 + 256*a + 2468. Calculate z(-10).
8
Let b(t) = -127*t - 15483. Give b(-122).
11
Let k(p) = p**2 - 17*p + 39. Give k(3).
-3
Let j(p) = -130*p**2 - 128*p - 3. Determine j(-1).
-5
Let c(u) = -8*u**2 + 131*u + 33. Determine c(16).
81
Let v(p) = 701*p - 9808. What is v(14)?
6
Let b(h) = 117*h - 7028. What is b(60)?
-8
Let v(g) = -2*g**3 + 4*g**2 + 14*g - 22. Calculate v(2).
6
Let z(x) = -8*x**2 - 5*x + 81. Calculate z(6).
-237
Let p(u) = 1081*u + 16220. Calculate p(-15).
5
Let w(t) = -t**2 + 21*t + 1103. Determine w(-23).
91
Let y(i) = i**2 + 1477*i - 10399. What is y(7)?
-11
Let k(o) = -49*o - 289. What is k(-6)?
5
Let n(l) = 6*l**2 + 12*l - 64. Calculate n(0).
-64
Let o(c) = 69*c + 5323. What is o(-78)?
-59
Let q(v) = 2*v**3 - 2*v**2 + 97*v - 292. Give q(3).
35
Let x(r) = 147*r - 870. Determine x(4).
-282
Let i(v) = -21*v**2 + 33*v - 72. Give i(2).
-90
Let j(d) = -d**3 + 9*d**2 + 11*d - 122. What is j(7)?
53
Let b(f) = 206*f + 982. What is b(-6)?
-254
Let v(o) = o**3 - 21*o**2 + 3*o - 231. Give v(21).
-168
Let l(v) = 88*v + 159. Give l(-2).
-17
Let k(h) = 27*h - 506. Determine k(20).
34
Let k(x) = x**2 - 49*x + 471. Calculate k(31).
-87
Let c(d) = -17*d - 857. Calculate c(-31).
-330
Let j(v) = -v**3 + 11*v**2 - 32*v + 90. Determine j(8).
26
Let d(k) = 4*k**3 - 41*k**2 + 133*k - 1144. Give d(10).
86
Let d(t) = -3*t + 32. Calculate d(-50).
182
Let l(w) = -23*w - 556. Determine l(-25).
19
Let p(a) = a**3 + 25*a**2 + 88*a + 71. Determine p(-21).
-13
Let v(n) = -4*n**3 - 752*n**2 + 2*n + 372. Determine v(-188).
-4
Let q(m) = 52*m - 1973. Determine q(38).
3
Let s(h) = h**3 - 5*h**2 - 4*h + 27. Determine s(8).
187
Let z(w) = -18*w + 105. Calculate z(3).
51
Let j(g) = -g**3 - 16*g**2 - 6*g - 197. What is j(-16)?
-101
Let q(w) = -14*w + 1747. Calculate q(122).
39
Let f(n) = 48*n**3 + 3*n**2 + 4*n - 16. What is f(2)?
388
Let f(t) = -t**2 + 85. What is f(-13)?
-84
Let v(w) = -38*w - 463. Calculate v(-13).
31
Let q(g) = 3*g**3 + 47*g**2 - 31*g - 274. Calculate q(-16).
-34
Let r(l) = 558*l + 8. Calculate r(0).
8
Let g(v) = -100*v**3 + 6*v**2 + 3*v - 2. What is g(-1)?
101
Let r(f) = -4*f**3 - 3*f**2 + 22*f - 14. What is r(-4)?
106
Let n(i) = -257*i + 1803. Determine n(7).
4
Let y(w) = 2*w**2 - 50*w + 7. Give y(27).
115
Let o(t) = 2*t**3 + 3*t**2 + 78*t - 80. Calculate o(1).
3
Let x(y) = -3*y + 231. Determine x(13).
192
Let o(z) = -312*z - 32463. Give o(-104).
-15
Let h(m) = -3*m**2 + 77*m - 256. Give h(22).
-14
Let z(c) = c**3 + 151*c**2 + 10*c + 1504. What is z(-151)?
-6
Let x(b) = -2*b**2 - 104*b - 618. Determine x(-7).
12
Let r(v) = 2*v**2 + 24*v + 18. Calculate r(-9).
-36
Let y(g) = -359*g + 7173. Determine y(20).
-7
Let s(h) = h**2 - 94*h + 2111. Give s(57).
2
Let w(c) = -19*c - 953. Determine w(-47).
-60
Let m(h) = -41*h - 1520. Calculate m(-37).
-3
Let g(y) = -y**3 + 59*y**2 + 63*y - 184. Give g(60).
-4
Let y(h) = h + 51. Give y(0).
51
Let i(d) = d**2 - 237*d - 3244. Give i(-13).
6
Let d(k) = -2*k**3 - 92*k**2 + 8. Calculate d(-46).
8
Let a(j) = j**3 + 31*j**2 + 181*j - 69. Calculate a(-23).
0
Let o(v) = v**3 - 8*v**2 - 8*v + 23. Calculate o(7).
-82
Let g(v) = -206*v + 49. Give g(-2).
461
Let f(m) = m**2 - 11*m - 290. Give f(22).
-48
Let c(m) = m**3 + 143*m**2 + 2*m + 281. What is c(-143)?
-5
Let x(q) = q**2 + 1027*q + 48848. Give x(-50).
-2
Let r(p) = -4*p**3 + p**2 - 2*p + 1. Give r(-2).
41
Let r(d) = -d**2 + 97*d + 839. Determine r(-8).
-1
Let m(g) = -923*g + 4599. What is m(5)?
-16
Let c(n) = -2*n**2 + 53*n - 203. Determine c(5).
12
Let n(q) = -106*q + 316. Give n(3).
-2
Let d(n) = n**3 + 28*n**2 + 4*n - 635. Determine d(-27).
-14
Let d(i) = 3*i**3 + 9*i**2 - 67*i + 54. Give d(4).
122
Let u(k) = -5*k**2 - 104*k - 395. Determine u(-15).
40
Let a(m) = 3*m**3 - 586*m**2 + 198*m - 577. Determine a(195).
8
Let h(r) = -5*r**2 - 161*r - 332. Calculate h(-29).
132
Let z(h) = 7127*h - 57010. What is z(8)?
6
Let z(r) = -24*r - 1453. Determine z(-61).
11
Let r(n) = -n**3 + 9*n**2 + 18*n + 4. Calculate r(-4).
140
Let o(g) = 15*g**3 - 209*g**2 - 17*g + 39. What is o(14)?
-3
Let l(o) = -2*o**2 - 55*o + 9. Give l(-25).
134
Let o(r) = -2*r**3 + 26*r**2 - 65*r + 173. Give o(11).
-58
Let y(h) = -37*h + 371. Determine y(13).
-110
Let q(k) = 10*k**2 - 9*k + 44. What is q(-5)?
339
Let w(t) = t**3 + 16*t**2 - 2*t - 12. What is w(-14)?
408
Let l(v) = 70*v - 26. Calculate l(-3).
-236
Let m(b) = b**3 - 24*b**2 + 60*b + 47. Determine m(21).
-16
Let x(t) = t**2 + 15*t - 100. Give x(7).
54
Let f(g) = -g**2 + 8*g + 74. What is f(12)?
26
Let u(p) = 8*p**2 - 55*p - 132. What is u(-2)?
10
Let a(q) = 2*q**3 + 6*q - 34. What is a(0)?
-34
Let z(t) = -t**2 - 40*t - 309. Determine z(-31).
-30
Let z(j) = 54*j - 8270. What is z(153)?
-8
Let m(b) = -1344*b + 10754. Calculate m(8).
2
Let q(z) = -10*z + 183. Calculate q(16).
23
Let j(z) = -z**3 - 22*z**2 + 65*z - 36. Determine j(2).
-2
Let y(t) = 17*t**2 + 919*t + 48. Give y(-54).
-6
Let z(m) = 240*m + 1615. Determine z(-7).
-65
Let k(s) = s**3 + 12*s**2 - 30*s - 11. Determine k(-14).
17
Let p(r) = -r**2 + 496*r - 43566. Calculate p(114).
-18
Let n(d) = -d**3 + 13*d**2 + 19*d + 87. Determine n(15).
-78
Let o(t) = -t**2 - 36*t - 171. Determine o(-27).
72
Let l(m) = m**3 - 